Let x(n) = n - 8. Let f be x(14). What is the highest common factor of l and f?
6
Let f = 48 - 28. Let o(h) = -3*h**3 + 50*h**2 + 21*h - 64. Let d be o(17). What is the highest common divisor of d and f?
4
Suppose 3 = -2*z + 5, 5*n = z + 114. Suppose -5*m + 569 = -3*x, -2*x - 6 = -5*x. What is the greatest common factor of m and n?
23
Suppose x + 29*a = 24*a + 4, 6*x = 3*a + 90. Calculate the highest common divisor of 7 and x.
7
Suppose 2244 + 424 = 23*o. What is the highest common factor of o and 203?
29
Suppose -37 = f + 5*p, 216 = -5*f + 3*p + 59. Let g be ((f/(-5))/1)/((-2)/(-35)). What is the greatest common divisor of 14 and g?
14
Let m(v) = 9*v**2 - v + 3. Let s(f) = -f**2. Let h(u) = m(u) - 3*s(u). Let k be h(3). Calculate the highest common divisor of 27 and k.
27
Suppose -9*k + z + 9541 = -8378, 4*k + 5*z - 7964 = 0. Calculate the greatest common divisor of k and 11.
11
Let f(v) = -2*v + 2. Let o be f(-2). Suppose -4*y - 246 = 2*z, 3*y + 2*z + 187 = 3*z. Let j = 68 + y. Calculate the highest common divisor of o and j.
6
Let l(s) = s**3 + 11*s**2 + 2*s + 10. Let n be l(-11). Let q = -3 - n. Let i be ((-2)/(-6))/(1/q). What is the greatest common factor of 33 and i?
3
Let l be (1 + 1)*(14 + 3). Let p = l - 8. Suppose -483 = -2*d - 5*z, 7*d - z = 8*d - 237. Calculate the highest common factor of d and p.
26
Suppose -3*v = 2*v - 40. Suppose -v*i + i = -336. What is the greatest common divisor of 60 and i?
12
Let f(d) = -d**3 + 20*d**2 - 19*d + 12. Let o be f(19). Suppose -372 = -5*w - o. Calculate the highest common divisor of 36 and w.
36
Suppose 0*c - 52 = 2*c. Let l = 43 + c. Calculate the highest common divisor of l and 68.
17
Let y(w) = 4*w**2 - 13*w + 32. Let b be y(4). What is the greatest common divisor of 814 and b?
22
Let j(w) = w**2 + 37*w + 84. Let a be j(-35). Calculate the highest common divisor of 35 and a.
7
Suppose 3*c - 59 + 127 = 5*x, c + 44 = 3*x. What is the greatest common factor of x and 44?
4
Let d = -15888 - -15904. Suppose -3 = -3*r, 0 = -7*q + 2*q + 2*r + 398. Calculate the greatest common divisor of q and d.
16
Let o be 8/44 - 106/(-22). Suppose o*q - 30 + 5 = 0. What is the highest common divisor of q and 5?
5
Suppose -5*y - 36 = -186. Let j be ((-81)/18 + -5)/(2/4). Let x = y + j. Calculate the greatest common factor of x and 33.
11
Suppose -3*n = 2*n - 5. Let d(f) = 4*f - 2. Let q be d(n). Suppose -q*x + 6 = -18. Calculate the highest common factor of 4 and x.
4
Let z = 13 + -9. Let i(k) = -44*k. Let m be i(-4). Suppose -n = -12*n + m. Calculate the highest common factor of z and n.
4
Suppose 0 = -3*f + 4*f - 4*g + 3, 17 = -2*f - 3*g. Let s be 110/14 - 1/f. What is the highest common divisor of s and 16?
8
Let y(q) be the second derivative of -q**4/6 - 22*q**3/3 - 5*q**2 - 2*q. Let j be y(-20). Calculate the highest common divisor of 28 and j.
14
Let l be 22/8*(-8)/(-2). Suppose -1616 = 10*o + 584. Let v = -143 - o. What is the greatest common divisor of l and v?
11
Let t = 14 - 10. Suppose t*n + 4 = 20. Let m be 8 + 0*4/n. What is the highest common factor of m and 20?
4
Suppose -o + 34 + 26 = 0. Suppose p + 3*l + o = 5*p, -40 = -5*p - 5*l. Let z be (-81)/(-54) + (-21)/(-14). What is the highest common divisor of p and z?
3
Suppose 5*p - 4*l = 15, -10 = -4*p - 2*l + 2. Suppose 363 = 4*u - p*c, -4*u - 5*c + 178 + 177 = 0. What is the greatest common factor of u and 10?
10
Suppose 2*o = 3*o - 5*c - 9, 3*o - 2*c - 14 = 0. Calculate the greatest common factor of 116 and o.
4
Let g(v) = v**3 - 6*v**2 + 9*v - 6. Let l(y) = -y**3 + 6*y**2 - 6*y + 10. Let x be l(5). Let q be g(x). What is the highest common factor of q and 7?
7
Let c(z) = -4*z + 11 - z**3 + 9*z**2 - 16 - 2. Let r be c(7). Calculate the highest common divisor of 21 and r.
21
Let a(t) = 20*t**3 - t**2 - 4*t + 5. Suppose -5*f = -11*f + 12. Let v be a(f). Calculate the highest common divisor of v and 17.
17
Let b be (30 - (-2 + 3))*1. Suppose -g - 5*o - 1 = 0, 2*g - 5*o = g + b. Calculate the greatest common divisor of g and 238.
14
Let q be (2 + 5)*52/14 - -2. What is the highest common divisor of q and 4?
4
Suppose 5*a = 12*a - 553. Suppose 3*f + 186 = 2*v, a = v - 8*f + 3*f. What is the highest common divisor of v and 11?
11
Let n = 89 - 139. Let c = n - -127. Calculate the highest common divisor of c and 14.
7
Suppose 3*b = 4*b. Suppose b = -0*y + 5*y - 1035. Let q(x) = 6*x + 89. Let z be q(-11). What is the greatest common factor of z and y?
23
Suppose 109*v - 731 = 468. Calculate the highest common factor of v and 22.
11
Suppose 0 = 10*i - 13*i - 9. Let d be (i + (-4)/(-2))*-6. What is the greatest common divisor of 2 and d?
2
Let n be 153/(-17)*-1 - (-2 - 2). Let u = 23 + -10. Calculate the greatest common divisor of n and u.
13
Suppose 5*h = 1488 + 132. What is the highest common factor of 405 and h?
81
Let g = 83 + -84. Let s = -43 - -74. Let y be s + (3 + -4)*g. Calculate the highest common divisor of y and 16.
16
Suppose 784 = 4*i - 9*v + 5*v, 0 = i + 5*v - 190. Calculate the highest common divisor of i and 130.
65
Suppose -8*b = -3*b - 5*t - 35, 4*b = -3*t + 21. Calculate the highest common divisor of b and 2.
2
Let s(o) = o**2 + 51*o + 675. Let h be s(-27). What is the greatest common divisor of 4023 and h?
27
Let a be ((-12)/9 + 4)/(18/27). What is the greatest common divisor of 2 and a?
2
Let o(w) = -w**2 - 4*w + 3. Let f be o(-4). Let b be (405/(-10))/(f/(-16)). What is the greatest common divisor of b and 24?
24
Let r = 358 - 322. Calculate the highest common divisor of r and 12.
12
Let h(j) be the first derivative of 3*j**2/2 + 32*j - 32. Let c be h(8). Calculate the greatest common factor of 8 and c.
8
Let y be (-104)/12 + (-2)/6. Let t be (6/4)/(y/(-132)). Suppose 5*m = i + 2*i + 14, -i - 5*m = -22. Calculate the greatest common divisor of t and i.
2
Suppose n = -1, -c + 3*n + 59 = -0*n. What is the highest common divisor of c and 16?
8
Suppose -5 = -g, 0 = -4*f + 5*g - 311 + 1054. Calculate the highest common factor of 36 and f.
12
Suppose 12*f - 46*f = -986. What is the highest common divisor of f and 1?
1
Let f be ((-42)/24)/7*-72. Calculate the greatest common factor of 225 and f.
9
Let l be -6*(0 + -6)/(-1). Let m = 125 - l. What is the greatest common divisor of 23 and m?
23
Suppose -2*p = -0*p - 22. Let o(w) = w**2 - 5*w - 5. Let f be o(-9). Calculate the greatest common factor of p and f.
11
Let b = 171 + 179. Calculate the highest common divisor of b and 20.
10
Suppose -2*b - 2*n + 21 = -b, 59 = 3*b + 4*n. Calculate the highest common factor of b and 187.
17
Let x = -67 - -70. Suppose 0*k - x*k + 3 = 0. What is the highest common divisor of 16 and k?
1
Suppose -5*j + 2 + 1 = -3*q, 2*j - 22 = -4*q. Suppose 2*p - 5*r - 32 = -0*r, q*p - r = 28. Let c = 331 + -301. Calculate the highest common divisor of c and p.
6
Let o(r) = 5*r**2 + 3*r + 29. Let i be o(0). What is the highest common factor of 493 and i?
29
Let k = 45 + -46. Let x(d) = 2*d**2 + d + 1. Let b be x(k). What is the highest common divisor of 3 and b?
1
Suppose -220 - 572 = -22*o. Calculate the greatest common factor of o and 84.
12
Let y be (91 - 5) + -5 - 5. What is the greatest common divisor of y and 4?
4
Let a = 100 + -45. What is the highest common divisor of a and 22?
11
Suppose -3*i = 2*n - 393, -n - 3*i - 552 = -4*n. What is the greatest common factor of 108 and n?
27
Let x = 244 - 184. What is the greatest common factor of x and 165?
15
Let m = 12 + 11. Let w = m + -25. Let b be (8/w)/(2/(-33)). What is the greatest common factor of b and 22?
22
Suppose 0 = 47*s - 39*s - 5952. Calculate the highest common factor of 62 and s.
62
Let j = 2 + 2. Let d be 2/4 + 366/j. Suppose g + h - 21 = 0, -3*g = 5*h - d + 31. What is the greatest common factor of g and 198?
22
Let t(b) = 49*b - 215. Let f be t(5). Calculate the highest common divisor of 4 and f.
2
Suppose 0 = -5*i + 2*y + 1774, 0 = i - 5*y - 244 - 120. Calculate the greatest common divisor of i and 6.
6
Suppose -64*c - 5*t = -63*c - 724, -1513 = -2*c + 3*t. Calculate the highest common divisor of c and 7.
7
Suppose 595 = 4*h + 95. Calculate the highest common divisor of h and 225.
25
Suppose 5*b - 179 = -4*l, 0*l - l - b = -46. Calculate the greatest common divisor of 153 and l.
51
Let t(n) = -n**3 +